{"id":377,"date":"2025-09-07T15:20:19","date_gmt":"2025-09-07T14:20:19","guid":{"rendered":"https:\/\/www.sklep.optim-x.pl\/?post_type=product&#038;p=377"},"modified":"2025-09-07T15:20:19","modified_gmt":"2025-09-07T14:20:19","slug":"tabliczka-slubu-podane-imiona","status":"publish","type":"product","link":"https:\/\/www.sklep.optim-x.pl\/?product=tabliczka-slubu-podane-imiona","title":{"rendered":"Tabliczka \u015blubu &#8211; podane imiona"},"content":{"rendered":"<p>Tabliczka \u015blubu, dowolna. Mo\u017cliwo\u015b\u0107 dodania daty lub kr\u00f3tkiego tekstu.<\/p>\n","protected":false},"excerpt":{"rendered":"<p>Tabliczka \u015blubu, dowolna. Mo\u017cliwo\u015b\u0107 dodania daty lub kr\u00f3tkiego tekstu.<\/p>\n","protected":false},"featured_media":368,"template":"","meta":[],"product_brand":[],"product_cat":[15],"product_tag":[],"class_list":{"0":"post-377","1":"product","2":"type-product","3":"status-publish","4":"has-post-thumbnail","6":"product_cat-inne","8":"first","9":"onbackorder","10":"shipping-taxable","11":"purchasable","12":"product-type-simple"},"_links":{"self":[{"href":"https:\/\/www.sklep.optim-x.pl\/index.php?rest_route=\/wp\/v2\/product\/377","targetHints":{"allow":["GET"]}}],"collection":[{"href":"https:\/\/www.sklep.optim-x.pl\/index.php?rest_route=\/wp\/v2\/product"}],"about":[{"href":"https:\/\/www.sklep.optim-x.pl\/index.php?rest_route=\/wp\/v2\/types\/product"}],"wp:featuredmedia":[{"embeddable":true,"href":"https:\/\/www.sklep.optim-x.pl\/index.php?rest_route=\/wp\/v2\/media\/368"}],"wp:attachment":[{"href":"https:\/\/www.sklep.optim-x.pl\/index.php?rest_route=%2Fwp%2Fv2%2Fmedia&parent=377"}],"wp:term":[{"taxonomy":"product_brand","embeddable":true,"href":"https:\/\/www.sklep.optim-x.pl\/index.php?rest_route=%2Fwp%2Fv2%2Fproduct_brand&post=377"},{"taxonomy":"product_cat","embeddable":true,"href":"https:\/\/www.sklep.optim-x.pl\/index.php?rest_route=%2Fwp%2Fv2%2Fproduct_cat&post=377"},{"taxonomy":"product_tag","embeddable":true,"href":"https:\/\/www.sklep.optim-x.pl\/index.php?rest_route=%2Fwp%2Fv2%2Fproduct_tag&post=377"}],"curies":[{"name":"wp","href":"https:\/\/api.w.org\/{rel}","templated":true}]}}