{"id":271,"date":"2025-01-26T14:32:49","date_gmt":"2025-01-26T13:32:49","guid":{"rendered":"https:\/\/www.sklep.optim-x.pl\/?post_type=product&#038;p=271"},"modified":"2025-10-21T19:59:21","modified_gmt":"2025-10-21T18:59:21","slug":"zawieszka-dla-psa-lub-kota","status":"publish","type":"product","link":"https:\/\/www.sklep.optim-x.pl\/?product=zawieszka-dla-psa-lub-kota","title":{"rendered":"Zawieszka dla psa lub kota"},"content":{"rendered":"<p>Zawieszka dla Psa, super lekka !<\/p>\n<p>Rozmiar 3,5cm x 1mm<\/p>\n<p>Z przodu nazwa z ty\u0142u numer telefonu.<\/p>\n<p>Informacj\u0119 prosz\u0119 poda\u0107 w dodatkowych notatkach do zakupu.<\/p>\n<p>Dla Psa z pieskiem pod nazw\u0105 a dla kota z kotkiem.<\/p>\n<p>Dlaczego warto ? Zawieszka jest super lekka i tak nie uderza o zwierzaka.<\/p>\n","protected":false},"excerpt":{"rendered":"<p>Lekka zawieszka dla Psa lub kota<\/p>\n","protected":false},"featured_media":272,"template":"","meta":[],"product_brand":[],"product_cat":[15],"product_tag":[],"class_list":{"0":"post-271","1":"product","2":"type-product","3":"status-publish","4":"has-post-thumbnail","6":"product_cat-inne","7":"product_shipping_class-male-produkty","9":"first","10":"onbackorder","11":"sale","12":"shipping-taxable","13":"purchasable","14":"product-type-simple"},"_links":{"self":[{"href":"https:\/\/www.sklep.optim-x.pl\/index.php?rest_route=\/wp\/v2\/product\/271","targetHints":{"allow":["GET"]}}],"collection":[{"href":"https:\/\/www.sklep.optim-x.pl\/index.php?rest_route=\/wp\/v2\/product"}],"about":[{"href":"https:\/\/www.sklep.optim-x.pl\/index.php?rest_route=\/wp\/v2\/types\/product"}],"wp:featuredmedia":[{"embeddable":true,"href":"https:\/\/www.sklep.optim-x.pl\/index.php?rest_route=\/wp\/v2\/media\/272"}],"wp:attachment":[{"href":"https:\/\/www.sklep.optim-x.pl\/index.php?rest_route=%2Fwp%2Fv2%2Fmedia&parent=271"}],"wp:term":[{"taxonomy":"product_brand","embeddable":true,"href":"https:\/\/www.sklep.optim-x.pl\/index.php?rest_route=%2Fwp%2Fv2%2Fproduct_brand&post=271"},{"taxonomy":"product_cat","embeddable":true,"href":"https:\/\/www.sklep.optim-x.pl\/index.php?rest_route=%2Fwp%2Fv2%2Fproduct_cat&post=271"},{"taxonomy":"product_tag","embeddable":true,"href":"https:\/\/www.sklep.optim-x.pl\/index.php?rest_route=%2Fwp%2Fv2%2Fproduct_tag&post=271"}],"curies":[{"name":"wp","href":"https:\/\/api.w.org\/{rel}","templated":true}]}}