{"id":169,"date":"2024-11-17T19:25:41","date_gmt":"2024-11-17T18:25:41","guid":{"rendered":"https:\/\/www.sklep.optim-x.pl\/?post_type=product&#038;p=169"},"modified":"2026-02-08T18:52:50","modified_gmt":"2026-02-08T17:52:50","slug":"sztabka-zlota-z-miejscem-na-pieniadze","status":"publish","type":"product","link":"https:\/\/www.sklep.optim-x.pl\/?product=sztabka-zlota-z-miejscem-na-pieniadze","title":{"rendered":"Sztabka z\u0142ota z miejscem na pieni\u0105dze"},"content":{"rendered":"<h3>Chcesz podarowa\u0107 komu\u015b sztabk\u0119 z\u0142ota ? Mo\u017cesz to zrobi\u0107 z dowoln\u0105 kwot\u0105! Wystarczy zam\u00f3wi\u0107 sztabk\u0119 z\u0142ota z miejscem na pieni\u0105dze.<\/h3>\n<p>&nbsp;<\/p>\n<p>*Mo\u017cesz poprosi\u0107 o zadrukowanie pieni\u0119dzy! bez dziury na pieni\u0105dze. Osoba kt\u00f3ra otrzyma sztabk\u0119, b\u0119dzie musia\u0142a j\u0105 zniszczy\u0107 aby wyci\u0105gn\u0105\u0107 zawarto\u015b\u0107 (pieni\u0105dze lub pendrive) Domy\u015blnie wysy\u0142amy z otworem.<\/p>\n","protected":false},"excerpt":{"rendered":"<p>Sztabka z\u0142ota z miejscem na pieni\u0105dze, super prezent na ka\u017cd\u0105 okazj\u0119!<\/p>\n","protected":false},"featured_media":175,"template":"","meta":[],"product_brand":[],"product_cat":[32],"product_tag":[33],"class_list":{"0":"post-169","1":"product","2":"type-product","3":"status-publish","4":"has-post-thumbnail","6":"product_cat-na-prezent","7":"product_tag-sztabka-zlota","8":"product_shipping_class-duze-produkty","10":"first","11":"onbackorder","12":"shipping-taxable","13":"purchasable","14":"product-type-simple"},"_links":{"self":[{"href":"https:\/\/www.sklep.optim-x.pl\/index.php?rest_route=\/wp\/v2\/product\/169","targetHints":{"allow":["GET"]}}],"collection":[{"href":"https:\/\/www.sklep.optim-x.pl\/index.php?rest_route=\/wp\/v2\/product"}],"about":[{"href":"https:\/\/www.sklep.optim-x.pl\/index.php?rest_route=\/wp\/v2\/types\/product"}],"wp:featuredmedia":[{"embeddable":true,"href":"https:\/\/www.sklep.optim-x.pl\/index.php?rest_route=\/wp\/v2\/media\/175"}],"wp:attachment":[{"href":"https:\/\/www.sklep.optim-x.pl\/index.php?rest_route=%2Fwp%2Fv2%2Fmedia&parent=169"}],"wp:term":[{"taxonomy":"product_brand","embeddable":true,"href":"https:\/\/www.sklep.optim-x.pl\/index.php?rest_route=%2Fwp%2Fv2%2Fproduct_brand&post=169"},{"taxonomy":"product_cat","embeddable":true,"href":"https:\/\/www.sklep.optim-x.pl\/index.php?rest_route=%2Fwp%2Fv2%2Fproduct_cat&post=169"},{"taxonomy":"product_tag","embeddable":true,"href":"https:\/\/www.sklep.optim-x.pl\/index.php?rest_route=%2Fwp%2Fv2%2Fproduct_tag&post=169"}],"curies":[{"name":"wp","href":"https:\/\/api.w.org\/{rel}","templated":true}]}}